{"id":2024,"date":"2021-10-18T10:40:10","date_gmt":"2021-10-18T10:40:10","guid":{"rendered":"https:\/\/vallis.pt\/equipa\/luis-santos-carvalho\/"},"modified":"2023-02-24T11:29:17","modified_gmt":"2023-02-24T11:29:17","slug":"luis-santos-carvalho","status":"publish","type":"equipa","link":"https:\/\/vallis.pt\/es\/equipa\/luis-santos-carvalho\/","title":{"rendered":"Lu\u00eds Santos Carvalho"},"content":{"rendered":"<p>Ejecutivo con m\u00e1s de veinte a\u00f1os de experiencia profesional en el sector financiero y la banca de inversi\u00f3n, especializado en originaci\u00f3n, financiaci\u00f3n, inversi\u00f3n y gesti\u00f3n de carteras con exposici\u00f3n al cr\u00e9dito estructurado.<\/p>\n<p>Fue Director de Cr\u00e9dito de Dominion Group en Londres, donde se encarg\u00f3 de la gesti\u00f3n de la deuda de sus fondos y de la creaci\u00f3n de un fondo de cr\u00e9dito estructurado. Anteriormente fue Director Ejecutivo en ABN AMRO, siendo responsable de la titulizaci\u00f3n europea, estructuraci\u00f3n y gesti\u00f3n de carteras de cr\u00e9dito de unos 35 MM USD. Tambi\u00e9n fue asesor del Ministerio de Econom\u00eda para la Internacionalizaci\u00f3n de la Econom\u00eda Portuguesa.<\/p>\n<p>Es licenciado en Ciencias Econ\u00f3micas por la Facultad de Econom\u00eda de Oporto y MBA por la State University of West Georgia (EE.UU.).<\/p>\n","protected":false},"featured_media":1930,"template":"","sector":[12],"class_list":["post-2024","equipa","type-equipa","status-publish","has-post-thumbnail","hentry","sector-socios-fundadores"],"acf":[],"yoast_head":"<!-- This site is optimized with the Yoast SEO plugin v27.3 - https:\/\/yoast.com\/product\/yoast-seo-wordpress\/ -->\n<title>Lu\u00eds Santos Carvalho - Vallis Capital Partners<\/title>\n<meta name=\"robots\" content=\"index, follow, max-snippet:-1, max-image-preview:large, max-video-preview:-1\" \/>\n<link rel=\"canonical\" href=\"https:\/\/vallis.pt\/equipa\/luis-santos-carvalho\/\" \/>\n<meta property=\"og:locale\" content=\"es_ES\" \/>\n<meta property=\"og:type\" content=\"article\" \/>\n<meta property=\"og:title\" content=\"Lu\u00eds Santos Carvalho - Vallis Capital Partners\" \/>\n<meta property=\"og:description\" content=\"Ejecutivo con m\u00e1s de veinte a\u00f1os de experiencia profesional en el sector financiero y la banca de inversi\u00f3n, especializado en originaci\u00f3n, financiaci\u00f3n, inversi\u00f3n y gesti\u00f3n de carteras con exposici\u00f3n al cr\u00e9dito estructurado. Fue Director de Cr\u00e9dito de Dominion Group en Londres, donde se encarg\u00f3 de la gesti\u00f3n de la deuda de sus fondos y de [&hellip;]\" \/>\n<meta property=\"og:url\" content=\"https:\/\/vallis.pt\/equipa\/luis-santos-carvalho\/\" \/>\n<meta property=\"og:site_name\" content=\"Vallis Capital Partners\" \/>\n<meta property=\"article:modified_time\" content=\"2023-02-24T11:29:17+00:00\" \/>\n<meta property=\"og:image\" content=\"https:\/\/vallis.pt\/wp-content\/uploads\/2021\/10\/luis-palma-1.jpg\" \/>\n\t<meta property=\"og:image:width\" content=\"800\" \/>\n\t<meta property=\"og:image:height\" content=\"800\" \/>\n\t<meta property=\"og:image:type\" content=\"image\/jpeg\" \/>\n<meta name=\"twitter:card\" content=\"summary_large_image\" \/>\n<meta name=\"twitter:label1\" content=\"Tiempo de lectura\" \/>\n\t<meta name=\"twitter:data1\" content=\"1 minuto\" \/>\n<script type=\"application\/ld+json\" class=\"yoast-schema-graph\">{\"@context\":\"https:\\\/\\\/schema.org\",\"@graph\":[{\"@type\":\"WebPage\",\"@id\":\"https:\\\/\\\/vallis.pt\\\/equipa\\\/luis-santos-carvalho\\\/\",\"url\":\"https:\\\/\\\/vallis.pt\\\/equipa\\\/luis-santos-carvalho\\\/\",\"name\":\"Lu\u00eds Santos Carvalho - Vallis Capital Partners\",\"isPartOf\":{\"@id\":\"https:\\\/\\\/vallis.pt\\\/#website\"},\"primaryImageOfPage\":{\"@id\":\"https:\\\/\\\/vallis.pt\\\/equipa\\\/luis-santos-carvalho\\\/#primaryimage\"},\"image\":{\"@id\":\"https:\\\/\\\/vallis.pt\\\/equipa\\\/luis-santos-carvalho\\\/#primaryimage\"},\"thumbnailUrl\":\"https:\\\/\\\/vallis.pt\\\/wp-content\\\/uploads\\\/2021\\\/10\\\/luis-palma-1.jpg\",\"datePublished\":\"2021-10-18T10:40:10+00:00\",\"dateModified\":\"2023-02-24T11:29:17+00:00\",\"breadcrumb\":{\"@id\":\"https:\\\/\\\/vallis.pt\\\/equipa\\\/luis-santos-carvalho\\\/#breadcrumb\"},\"inLanguage\":\"es\",\"potentialAction\":[{\"@type\":\"ReadAction\",\"target\":[\"https:\\\/\\\/vallis.pt\\\/equipa\\\/luis-santos-carvalho\\\/\"]}]},{\"@type\":\"ImageObject\",\"inLanguage\":\"es\",\"@id\":\"https:\\\/\\\/vallis.pt\\\/equipa\\\/luis-santos-carvalho\\\/#primaryimage\",\"url\":\"https:\\\/\\\/vallis.pt\\\/wp-content\\\/uploads\\\/2021\\\/10\\\/luis-palma-1.jpg\",\"contentUrl\":\"https:\\\/\\\/vallis.pt\\\/wp-content\\\/uploads\\\/2021\\\/10\\\/luis-palma-1.jpg\",\"width\":800,\"height\":800},{\"@type\":\"BreadcrumbList\",\"@id\":\"https:\\\/\\\/vallis.pt\\\/equipa\\\/luis-santos-carvalho\\\/#breadcrumb\",\"itemListElement\":[{\"@type\":\"ListItem\",\"position\":1,\"name\":\"In\u00edcio\",\"item\":\"https:\\\/\\\/vallis.pt\\\/es\\\/\"},{\"@type\":\"ListItem\",\"position\":2,\"name\":\"Equipa\",\"item\":\"https:\\\/\\\/vallis.pt\\\/equipa\\\/\"},{\"@type\":\"ListItem\",\"position\":3,\"name\":\"Lu\u00eds Santos Carvalho\"}]},{\"@type\":\"WebSite\",\"@id\":\"https:\\\/\\\/vallis.pt\\\/#website\",\"url\":\"https:\\\/\\\/vallis.pt\\\/\",\"name\":\"VALLIS Capital Partners\",\"description\":\"\",\"publisher\":{\"@id\":\"https:\\\/\\\/vallis.pt\\\/#organization\"},\"potentialAction\":[{\"@type\":\"SearchAction\",\"target\":{\"@type\":\"EntryPoint\",\"urlTemplate\":\"https:\\\/\\\/vallis.pt\\\/?s={search_term_string}\"},\"query-input\":{\"@type\":\"PropertyValueSpecification\",\"valueRequired\":true,\"valueName\":\"search_term_string\"}}],\"inLanguage\":\"es\"},{\"@type\":\"Organization\",\"@id\":\"https:\\\/\\\/vallis.pt\\\/#organization\",\"name\":\"VALLIS Capital Partners\",\"alternateName\":\"Gestora de Fundos Independente, focada exclusivamente em Capital de Risco Private Equity\",\"url\":\"https:\\\/\\\/vallis.pt\\\/\",\"logo\":{\"@type\":\"ImageObject\",\"inLanguage\":\"es\",\"@id\":\"https:\\\/\\\/vallis.pt\\\/#\\\/schema\\\/logo\\\/image\\\/\",\"url\":\"https:\\\/\\\/vallis.pt\\\/wp-content\\\/uploads\\\/2021\\\/12\\\/cropped-favicon-vallis.png\",\"contentUrl\":\"https:\\\/\\\/vallis.pt\\\/wp-content\\\/uploads\\\/2021\\\/12\\\/cropped-favicon-vallis.png\",\"width\":512,\"height\":512,\"caption\":\"VALLIS Capital Partners\"},\"image\":{\"@id\":\"https:\\\/\\\/vallis.pt\\\/#\\\/schema\\\/logo\\\/image\\\/\"},\"sameAs\":[\"https:\\\/\\\/www.linkedin.com\\\/company\\\/valliscapitalpartners\\\/\"]}]}<\/script>\n<!-- \/ Yoast SEO plugin. -->","yoast_head_json":{"title":"Lu\u00eds Santos Carvalho - Vallis Capital Partners","robots":{"index":"index","follow":"follow","max-snippet":"max-snippet:-1","max-image-preview":"max-image-preview:large","max-video-preview":"max-video-preview:-1"},"canonical":"https:\/\/vallis.pt\/equipa\/luis-santos-carvalho\/","og_locale":"es_ES","og_type":"article","og_title":"Lu\u00eds Santos Carvalho - Vallis Capital Partners","og_description":"Ejecutivo con m\u00e1s de veinte a\u00f1os de experiencia profesional en el sector financiero y la banca de inversi\u00f3n, especializado en originaci\u00f3n, financiaci\u00f3n, inversi\u00f3n y gesti\u00f3n de carteras con exposici\u00f3n al cr\u00e9dito estructurado. Fue Director de Cr\u00e9dito de Dominion Group en Londres, donde se encarg\u00f3 de la gesti\u00f3n de la deuda de sus fondos y de [&hellip;]","og_url":"https:\/\/vallis.pt\/equipa\/luis-santos-carvalho\/","og_site_name":"Vallis Capital Partners","article_modified_time":"2023-02-24T11:29:17+00:00","og_image":[{"width":800,"height":800,"url":"https:\/\/vallis.pt\/wp-content\/uploads\/2021\/10\/luis-palma-1.jpg","type":"image\/jpeg"}],"twitter_card":"summary_large_image","twitter_misc":{"Tiempo de lectura":"1 minuto"},"schema":{"@context":"https:\/\/schema.org","@graph":[{"@type":"WebPage","@id":"https:\/\/vallis.pt\/equipa\/luis-santos-carvalho\/","url":"https:\/\/vallis.pt\/equipa\/luis-santos-carvalho\/","name":"Lu\u00eds Santos Carvalho - Vallis Capital Partners","isPartOf":{"@id":"https:\/\/vallis.pt\/#website"},"primaryImageOfPage":{"@id":"https:\/\/vallis.pt\/equipa\/luis-santos-carvalho\/#primaryimage"},"image":{"@id":"https:\/\/vallis.pt\/equipa\/luis-santos-carvalho\/#primaryimage"},"thumbnailUrl":"https:\/\/vallis.pt\/wp-content\/uploads\/2021\/10\/luis-palma-1.jpg","datePublished":"2021-10-18T10:40:10+00:00","dateModified":"2023-02-24T11:29:17+00:00","breadcrumb":{"@id":"https:\/\/vallis.pt\/equipa\/luis-santos-carvalho\/#breadcrumb"},"inLanguage":"es","potentialAction":[{"@type":"ReadAction","target":["https:\/\/vallis.pt\/equipa\/luis-santos-carvalho\/"]}]},{"@type":"ImageObject","inLanguage":"es","@id":"https:\/\/vallis.pt\/equipa\/luis-santos-carvalho\/#primaryimage","url":"https:\/\/vallis.pt\/wp-content\/uploads\/2021\/10\/luis-palma-1.jpg","contentUrl":"https:\/\/vallis.pt\/wp-content\/uploads\/2021\/10\/luis-palma-1.jpg","width":800,"height":800},{"@type":"BreadcrumbList","@id":"https:\/\/vallis.pt\/equipa\/luis-santos-carvalho\/#breadcrumb","itemListElement":[{"@type":"ListItem","position":1,"name":"In\u00edcio","item":"https:\/\/vallis.pt\/es\/"},{"@type":"ListItem","position":2,"name":"Equipa","item":"https:\/\/vallis.pt\/equipa\/"},{"@type":"ListItem","position":3,"name":"Lu\u00eds Santos Carvalho"}]},{"@type":"WebSite","@id":"https:\/\/vallis.pt\/#website","url":"https:\/\/vallis.pt\/","name":"VALLIS Capital Partners","description":"","publisher":{"@id":"https:\/\/vallis.pt\/#organization"},"potentialAction":[{"@type":"SearchAction","target":{"@type":"EntryPoint","urlTemplate":"https:\/\/vallis.pt\/?s={search_term_string}"},"query-input":{"@type":"PropertyValueSpecification","valueRequired":true,"valueName":"search_term_string"}}],"inLanguage":"es"},{"@type":"Organization","@id":"https:\/\/vallis.pt\/#organization","name":"VALLIS Capital Partners","alternateName":"Gestora de Fundos Independente, focada exclusivamente em Capital de Risco Private Equity","url":"https:\/\/vallis.pt\/","logo":{"@type":"ImageObject","inLanguage":"es","@id":"https:\/\/vallis.pt\/#\/schema\/logo\/image\/","url":"https:\/\/vallis.pt\/wp-content\/uploads\/2021\/12\/cropped-favicon-vallis.png","contentUrl":"https:\/\/vallis.pt\/wp-content\/uploads\/2021\/12\/cropped-favicon-vallis.png","width":512,"height":512,"caption":"VALLIS Capital Partners"},"image":{"@id":"https:\/\/vallis.pt\/#\/schema\/logo\/image\/"},"sameAs":["https:\/\/www.linkedin.com\/company\/valliscapitalpartners\/"]}]}},"_links":{"self":[{"href":"https:\/\/vallis.pt\/es\/wp-json\/wp\/v2\/equipa\/2024","targetHints":{"allow":["GET"]}}],"collection":[{"href":"https:\/\/vallis.pt\/es\/wp-json\/wp\/v2\/equipa"}],"about":[{"href":"https:\/\/vallis.pt\/es\/wp-json\/wp\/v2\/types\/equipa"}],"wp:featuredmedia":[{"embeddable":true,"href":"https:\/\/vallis.pt\/es\/wp-json\/wp\/v2\/media\/1930"}],"wp:attachment":[{"href":"https:\/\/vallis.pt\/es\/wp-json\/wp\/v2\/media?parent=2024"}],"wp:term":[{"taxonomy":"sector","embeddable":true,"href":"https:\/\/vallis.pt\/es\/wp-json\/wp\/v2\/sector?post=2024"}],"curies":[{"name":"wp","href":"https:\/\/api.w.org\/{rel}","templated":true}]}}

Luís Santos Carvalho

<p>Ejecutivo con más de veinte años de experiencia profesional en el sector financiero y la banca de inversión, especializado en originación, financiación, inversión y gestión de carteras con exposición al crédito estructurado.</p>
<p>Fue Director de Crédito de Dominion Group en Londres, donde se encargó de la gestión de la deuda de sus fondos y de la creación de un fondo de crédito estructurado. Anteriormente fue Director Ejecutivo en ABN AMRO, siendo responsable de la titulización europea, estructuración y gestión de carteras de crédito de unos 35 MM USD. También fue asesor del Ministerio de Economía para la Internacionalización de la Economía Portuguesa.</p>
<p>Es licenciado en Ciencias Económicas por la Facultad de Economía de Oporto y MBA por la State University of West Georgia (EE.UU.).</p>

<!-- This site is optimized with the Yoast SEO plugin v27.3 - https://yoast.com/product/yoast-seo-wordpress/ -->
<title>Luís Santos Carvalho - Vallis Capital Partners</title>
<meta name="robots" content="index, follow, max-snippet:-1, max-image-preview:large, max-video-preview:-1" />
<link rel="canonical" href="https://vallis.pt/equipa/luis-santos-carvalho/" />
<meta property="og:locale" content="es_ES" />
<meta property="og:type" content="article" />
<meta property="og:title" content="Luís Santos Carvalho - Vallis Capital Partners" />
<meta property="og:description" content="Ejecutivo con más de veinte años de experiencia profesional en el sector financiero y la banca de inversión, especializado en originación, financiación, inversión y gestión de carteras con exposición al crédito estructurado. Fue Director de Crédito de Dominion Group en Londres, donde se encargó de la gestión de la deuda de sus fondos y de [&hellip;]" />
<meta property="og:url" content="https://vallis.pt/equipa/luis-santos-carvalho/" />
<meta property="og:site_name" content="Vallis Capital Partners" />
<meta property="article:modified_time" content="2023-02-24T11:29:17+00:00" />
<meta property="og:image" content="https://vallis.pt/wp-content/uploads/2021/10/luis-palma-1.jpg" />
	<meta property="og:image:width" content="800" />
	<meta property="og:image:height" content="800" />
	<meta property="og:image:type" content="image/jpeg" />
<meta name="twitter:card" content="summary_large_image" />
<meta name="twitter:label1" content="Tiempo de lectura" />
	<meta name="twitter:data1" content="1 minuto" />
<script type="application/ld+json" class="yoast-schema-graph">{"@context":"https:\/\/schema.org","@graph":[{"@type":"WebPage","@id":"https:\/\/vallis.pt\/equipa\/luis-santos-carvalho\/","url":"https:\/\/vallis.pt\/equipa\/luis-santos-carvalho\/","name":"Luís Santos Carvalho - Vallis Capital Partners","isPartOf":{"@id":"https:\/\/vallis.pt\/#website"},"primaryImageOfPage":{"@id":"https:\/\/vallis.pt\/equipa\/luis-santos-carvalho\/#primaryimage"},"image":{"@id":"https:\/\/vallis.pt\/equipa\/luis-santos-carvalho\/#primaryimage"},"thumbnailUrl":"https:\/\/vallis.pt\/wp-content\/uploads\/2021\/10\/luis-palma-1.jpg","datePublished":"2021-10-18T10:40:10+00:00","dateModified":"2023-02-24T11:29:17+00:00","breadcrumb":{"@id":"https:\/\/vallis.pt\/equipa\/luis-santos-carvalho\/#breadcrumb"},"inLanguage":"es","potentialAction":[{"@type":"ReadAction","target":["https:\/\/vallis.pt\/equipa\/luis-santos-carvalho\/"]}]},{"@type":"ImageObject","inLanguage":"es","@id":"https:\/\/vallis.pt\/equipa\/luis-santos-carvalho\/#primaryimage","url":"https:\/\/vallis.pt\/wp-content\/uploads\/2021\/10\/luis-palma-1.jpg","contentUrl":"https:\/\/vallis.pt\/wp-content\/uploads\/2021\/10\/luis-palma-1.jpg","width":800,"height":800},{"@type":"BreadcrumbList","@id":"https:\/\/vallis.pt\/equipa\/luis-santos-carvalho\/#breadcrumb","itemListElement":[{"@type":"ListItem","position":1,"name":"Início","item":"https:\/\/vallis.pt\/es\/"},{"@type":"ListItem","position":2,"name":"Equipa","item":"https:\/\/vallis.pt\/equipa\/"},{"@type":"ListItem","position":3,"name":"Luís Santos Carvalho"}]},{"@type":"WebSite","@id":"https:\/\/vallis.pt\/#website","url":"https:\/\/vallis.pt\/","name":"VALLIS Capital Partners","description":"","publisher":{"@id":"https:\/\/vallis.pt\/#organization"},"potentialAction":[{"@type":"SearchAction","target":{"@type":"EntryPoint","urlTemplate":"https:\/\/vallis.pt\/?s={search_term_string}"},"query-input":{"@type":"PropertyValueSpecification","valueRequired":true,"valueName":"search_term_string"}}],"inLanguage":"es"},{"@type":"Organization","@id":"https:\/\/vallis.pt\/#organization","name":"VALLIS Capital Partners","alternateName":"Gestora de Fundos Independente, focada exclusivamente em Capital de Risco Private Equity","url":"https:\/\/vallis.pt\/","logo":{"@type":"ImageObject","inLanguage":"es","@id":"https:\/\/vallis.pt\/#\/schema\/logo\/image\/","url":"https:\/\/vallis.pt\/wp-content\/uploads\/2021\/12\/cropped-favicon-vallis.png","contentUrl":"https:\/\/vallis.pt\/wp-content\/uploads\/2021\/12\/cropped-favicon-vallis.png","width":512,"height":512,"caption":"VALLIS Capital Partners"},"image":{"@id":"https:\/\/vallis.pt\/#\/schema\/logo\/image\/"},"sameAs":["https:\/\/www.linkedin.com\/company\/valliscapitalpartners\/"]}]}</script>
<!-- / Yoast SEO plugin. -->

Luís Santos Carvalho - Vallis Capital Partners

Ejecutivo con más de veinte años de experiencia profesional en el sector financiero y la banca de inversión, especializado en originación, financiación, inversión y gestión de carteras con exposición al crédito estructurado. Fue Director de Crédito de Dominion Group en Londres, donde se encargó de la gestión de la deuda de sus fondos y de [&hellip;]

Início
